{"id":559,"date":"2021-05-20T14:00:01","date_gmt":"2021-05-20T12:00:01","guid":{"rendered":"https:\/\/glaserei-jakobi.de\/?page_id=559"},"modified":"2025-10-21T11:30:53","modified_gmt":"2025-10-21T09:30:53","slug":"kuechenrueckwaende","status":"publish","type":"page","link":"https:\/\/glaserei-jakobi.de\/?page_id=559","title":{"rendered":"K\u00fcchenr\u00fcckw\u00e4nde"},"content":{"rendered":"<p><span style=\"color: #3366ff;\">K\u00fcchenr\u00fcckw\u00e4nde aus Einscheibensicherheitsglas individuell auf ihre Gegebenheiten anpassbar (z. B. Farbe, Motiv), ein moderner leicht zu reinigender Spritzschutz f\u00fcr ihre K\u00fcche<\/span><\/p>\r\n<p>&nbsp;<\/p>\r\n\r\n<figure class=\"wp-block-image size-large\"><img decoding=\"async\" src=\"blob:https:\/\/glaserei-jakobi.de\/26256297-57b4-44fb-9b00-70303eda3f9e\" alt=\"\"><\/figure>\r\n\r\n\r\n\r\n<figure class=\"wp-block-image size-large\"><img loading=\"lazy\" decoding=\"async\" width=\"1024\" height=\"500\" class=\"wp-image-564\" src=\"https:\/\/glaserei-jakobi.de\/wp-content\/uploads\/2021\/05\/Kuechenrueckwand-02-1024x500.jpg\" alt=\"\" srcset=\"https:\/\/glaserei-jakobi.de\/wp-content\/uploads\/2021\/05\/Kuechenrueckwand-02-1024x500.jpg 1024w, https:\/\/glaserei-jakobi.de\/wp-content\/uploads\/2021\/05\/Kuechenrueckwand-02-300x147.jpg 300w, https:\/\/glaserei-jakobi.de\/wp-content\/uploads\/2021\/05\/Kuechenrueckwand-02-768x375.jpg 768w, https:\/\/glaserei-jakobi.de\/wp-content\/uploads\/2021\/05\/Kuechenrueckwand-02-1536x751.jpg 1536w, https:\/\/glaserei-jakobi.de\/wp-content\/uploads\/2021\/05\/Kuechenrueckwand-02-2048x1001.jpg 2048w, https:\/\/glaserei-jakobi.de\/wp-content\/uploads\/2021\/05\/Kuechenrueckwand-02-1200x586.jpg 1200w\" sizes=\"auto, (max-width: 709px) 85vw, (max-width: 909px) 67vw, (max-width: 1362px) 62vw, 840px\" \/><img loading=\"lazy\" decoding=\"async\" class=\"alignnone size-full wp-image-772\" src=\"https:\/\/glaserei-jakobi.de\/wp-content\/uploads\/2025\/10\/Kuechenrueckwand-Ostsee-scaled.jpg\" alt=\"\" width=\"2560\" height=\"1920\" srcset=\"https:\/\/glaserei-jakobi.de\/wp-content\/uploads\/2025\/10\/Kuechenrueckwand-Ostsee-scaled.jpg 2560w, https:\/\/glaserei-jakobi.de\/wp-content\/uploads\/2025\/10\/Kuechenrueckwand-Ostsee-300x225.jpg 300w, https:\/\/glaserei-jakobi.de\/wp-content\/uploads\/2025\/10\/Kuechenrueckwand-Ostsee-1024x768.jpg 1024w, https:\/\/glaserei-jakobi.de\/wp-content\/uploads\/2025\/10\/Kuechenrueckwand-Ostsee-768x576.jpg 768w, https:\/\/glaserei-jakobi.de\/wp-content\/uploads\/2025\/10\/Kuechenrueckwand-Ostsee-1536x1152.jpg 1536w, https:\/\/glaserei-jakobi.de\/wp-content\/uploads\/2025\/10\/Kuechenrueckwand-Ostsee-2048x1536.jpg 2048w, https:\/\/glaserei-jakobi.de\/wp-content\/uploads\/2025\/10\/Kuechenrueckwand-Ostsee-1200x900.jpg 1200w\" sizes=\"auto, (max-width: 709px) 85vw, (max-width: 909px) 67vw, (max-width: 1362px) 62vw, 840px\" \/><\/figure>\r\n","protected":false},"excerpt":{"rendered":"<p>K\u00fcchenr\u00fcckw\u00e4nde aus Einscheibensicherheitsglas individuell auf ihre Gegebenheiten anpassbar (z. B. Farbe, Motiv), ein moderner leicht zu reinigender Spritzschutz f\u00fcr ihre K\u00fcche &nbsp;<\/p>\n","protected":false},"author":1,"featured_media":0,"parent":0,"menu_order":0,"comment_status":"closed","ping_status":"closed","template":"","meta":{"_crdt_document":"","ngg_post_thumbnail":0,"footnotes":""},"class_list":["post-559","page","type-page","status-publish","hentry"],"_links":{"self":[{"href":"https:\/\/glaserei-jakobi.de\/index.php?rest_route=\/wp\/v2\/pages\/559","targetHints":{"allow":["GET"]}}],"collection":[{"href":"https:\/\/glaserei-jakobi.de\/index.php?rest_route=\/wp\/v2\/pages"}],"about":[{"href":"https:\/\/glaserei-jakobi.de\/index.php?rest_route=\/wp\/v2\/types\/page"}],"author":[{"embeddable":true,"href":"https:\/\/glaserei-jakobi.de\/index.php?rest_route=\/wp\/v2\/users\/1"}],"replies":[{"embeddable":true,"href":"https:\/\/glaserei-jakobi.de\/index.php?rest_route=%2Fwp%2Fv2%2Fcomments&post=559"}],"version-history":[{"count":9,"href":"https:\/\/glaserei-jakobi.de\/index.php?rest_route=\/wp\/v2\/pages\/559\/revisions"}],"predecessor-version":[{"id":773,"href":"https:\/\/glaserei-jakobi.de\/index.php?rest_route=\/wp\/v2\/pages\/559\/revisions\/773"}],"wp:attachment":[{"href":"https:\/\/glaserei-jakobi.de\/index.php?rest_route=%2Fwp%2Fv2%2Fmedia&parent=559"}],"curies":[{"name":"wp","href":"https:\/\/api.w.org\/{rel}","templated":true}]}}