{"id":226,"date":"2019-04-12T10:28:14","date_gmt":"2019-04-12T08:28:14","guid":{"rendered":"http:\/\/glaserei-jakobi.de\/?page_id=226"},"modified":"2021-05-20T15:11:03","modified_gmt":"2021-05-20T13:11:03","slug":"profilbauglas","status":"publish","type":"page","link":"https:\/\/glaserei-jakobi.de\/?page_id=226","title":{"rendered":"Profilbauglas"},"content":{"rendered":"\n<p>Vorwiegend im industriellen Bereich ( z.B. Hallenverglasungen ) erstellen wir Lichtb\u00e4nder inkl. Fensterfl\u00fcgel etc. aus Profilbauglas in ein- oder doppelschaliger Ausf\u00fchrung<\/p>\n\n\n\n<figure class=\"wp-block-gallery columns-2 is-cropped wp-block-gallery-1 is-layout-flex wp-block-gallery-is-layout-flex\"><ul class=\"blocks-gallery-grid\"><li class=\"blocks-gallery-item\"><figure><img loading=\"lazy\" decoding=\"async\" width=\"1024\" height=\"683\" src=\"http:\/\/glaserei-jakobi.de\/wp-content\/uploads\/2019\/04\/Merkers1-1024x683.jpg\" alt=\"\" data-id=\"227\" data-link=\"http:\/\/glaserei-jakobi.de\/?attachment_id=227\" class=\"wp-image-227\" srcset=\"https:\/\/glaserei-jakobi.de\/wp-content\/uploads\/2019\/04\/Merkers1-1024x683.jpg 1024w, https:\/\/glaserei-jakobi.de\/wp-content\/uploads\/2019\/04\/Merkers1-300x200.jpg 300w, https:\/\/glaserei-jakobi.de\/wp-content\/uploads\/2019\/04\/Merkers1-768x512.jpg 768w, https:\/\/glaserei-jakobi.de\/wp-content\/uploads\/2019\/04\/Merkers1-1200x800.jpg 1200w, https:\/\/glaserei-jakobi.de\/wp-content\/uploads\/2019\/04\/Merkers1.jpg 1536w\" sizes=\"auto, (max-width: 709px) 85vw, (max-width: 909px) 67vw, (max-width: 1362px) 62vw, 840px\" \/><\/figure><\/li><li class=\"blocks-gallery-item\"><figure><img loading=\"lazy\" decoding=\"async\" width=\"1024\" height=\"683\" src=\"http:\/\/glaserei-jakobi.de\/wp-content\/uploads\/2019\/04\/Merkers2-1024x683.jpg\" alt=\"\" data-id=\"228\" data-link=\"http:\/\/glaserei-jakobi.de\/?attachment_id=228\" class=\"wp-image-228\" srcset=\"https:\/\/glaserei-jakobi.de\/wp-content\/uploads\/2019\/04\/Merkers2-1024x683.jpg 1024w, https:\/\/glaserei-jakobi.de\/wp-content\/uploads\/2019\/04\/Merkers2-300x200.jpg 300w, https:\/\/glaserei-jakobi.de\/wp-content\/uploads\/2019\/04\/Merkers2-768x512.jpg 768w, https:\/\/glaserei-jakobi.de\/wp-content\/uploads\/2019\/04\/Merkers2-1200x800.jpg 1200w, https:\/\/glaserei-jakobi.de\/wp-content\/uploads\/2019\/04\/Merkers2.jpg 1536w\" sizes=\"auto, (max-width: 709px) 85vw, (max-width: 909px) 67vw, (max-width: 1362px) 62vw, 840px\" \/><\/figure><\/li><li class=\"blocks-gallery-item\"><figure><img loading=\"lazy\" decoding=\"async\" width=\"1024\" height=\"557\" src=\"https:\/\/glaserei-jakobi.de\/wp-content\/uploads\/2021\/05\/imm017-1024x557.jpg\" alt=\"\" data-id=\"506\" data-full-url=\"https:\/\/glaserei-jakobi.de\/wp-content\/uploads\/2021\/05\/imm017.jpg\" data-link=\"https:\/\/glaserei-jakobi.de\/profilbauglas\/imm017\" class=\"wp-image-506\" srcset=\"https:\/\/glaserei-jakobi.de\/wp-content\/uploads\/2021\/05\/imm017-1024x557.jpg 1024w, https:\/\/glaserei-jakobi.de\/wp-content\/uploads\/2021\/05\/imm017-300x163.jpg 300w, https:\/\/glaserei-jakobi.de\/wp-content\/uploads\/2021\/05\/imm017-768x418.jpg 768w, https:\/\/glaserei-jakobi.de\/wp-content\/uploads\/2021\/05\/imm017-1200x652.jpg 1200w, https:\/\/glaserei-jakobi.de\/wp-content\/uploads\/2021\/05\/imm017.jpg 1352w\" sizes=\"auto, (max-width: 709px) 85vw, (max-width: 909px) 67vw, (max-width: 1362px) 62vw, 840px\" \/><\/figure><\/li><\/ul><\/figure>\n","protected":false},"excerpt":{"rendered":"","protected":false},"author":1,"featured_media":0,"parent":0,"menu_order":0,"comment_status":"closed","ping_status":"closed","template":"","meta":{"_crdt_document":"","ngg_post_thumbnail":0,"footnotes":""},"class_list":["post-226","page","type-page","status-publish","hentry"],"_links":{"self":[{"href":"https:\/\/glaserei-jakobi.de\/index.php?rest_route=\/wp\/v2\/pages\/226","targetHints":{"allow":["GET"]}}],"collection":[{"href":"https:\/\/glaserei-jakobi.de\/index.php?rest_route=\/wp\/v2\/pages"}],"about":[{"href":"https:\/\/glaserei-jakobi.de\/index.php?rest_route=\/wp\/v2\/types\/page"}],"author":[{"embeddable":true,"href":"https:\/\/glaserei-jakobi.de\/index.php?rest_route=\/wp\/v2\/users\/1"}],"replies":[{"embeddable":true,"href":"https:\/\/glaserei-jakobi.de\/index.php?rest_route=%2Fwp%2Fv2%2Fcomments&post=226"}],"version-history":[{"count":3,"href":"https:\/\/glaserei-jakobi.de\/index.php?rest_route=\/wp\/v2\/pages\/226\/revisions"}],"predecessor-version":[{"id":574,"href":"https:\/\/glaserei-jakobi.de\/index.php?rest_route=\/wp\/v2\/pages\/226\/revisions\/574"}],"wp:attachment":[{"href":"https:\/\/glaserei-jakobi.de\/index.php?rest_route=%2Fwp%2Fv2%2Fmedia&parent=226"}],"curies":[{"name":"wp","href":"https:\/\/api.w.org\/{rel}","templated":true}]}}