{"id":172,"date":"2019-04-09T13:28:09","date_gmt":"2019-04-09T11:28:09","guid":{"rendered":"http:\/\/glaserei-jakobi.de\/?page_id=172"},"modified":"2023-02-28T11:43:22","modified_gmt":"2023-02-28T10:43:22","slug":"ganzglastueren-anlagen","status":"publish","type":"page","link":"https:\/\/glaserei-jakobi.de\/?page_id=172","title":{"rendered":"Ganzglast\u00fcren -anlagen, Glasschiebet\u00fcren"},"content":{"rendered":"<p>F\u00fcr den anspruchsvollen Eingangsbereich im industriellen als auch privaten Sektor liefern und montieren wir fachgerecht Ganzglasanlagen aus hochwertigem Einscheibensicherheitsglas (einfl\u00fcgelige oder zweifl\u00fcgelige Anschlag- oder Pendelt\u00fcren, Segmentbogen- oder Rundbogent\u00fcren, jeweils auch mit Oberlicht und Seitenteilen) in vielen Designs, in Standard- und Sonderma\u00dfen individuell f\u00fcr sie gefertigt.<\/p>\r\n<p>Ein umfangreiches Beschlagprogramm erm\u00f6glicht differenzierte und mannigfaltige Funktionen und variable Oberfl\u00e4chengestaltung. Unsere Produktpalette umfasst auch ein durch eine reichhaltige Auswahl von aktuellen Glasdesigns gekennzeichnetes Ganzglast\u00fcrenprogramm f\u00fcr den Innenraumbereich der Wohn- und Arbeitswelt.<\/p>\r\n<p>Viele Glasdesigns erhalten Sie in zwei Varianten. Ganz nach Ihren Vorlieben und der Art der Anwendung w\u00e4hlen Sie zwischen der Ausf\u00fchrung mit mehr oder weniger Durchsicht.<\/p>\r\n<ul id=\"Navigation\">\r\n<li>als Dreh-, Schiebe- oder Pendelt\u00fcr&nbsp;<\/li>\r\n<li>Norm- und Sonderma\u00dfe<\/li>\r\n<li>erh\u00e4ltlich als Einscheibensicherheitsglas \/ Verbundsicherheitsglas<\/li>\r\n<li>perfekte Oberfl\u00e4chenveredelung<\/li>\r\n<li>in zwei Ausf\u00fchrungen erh\u00e4ltlich \u2013 mit mehr oder weniger Durchsicht<\/li>\r\n<li>in unserer Ausstellung finden sie weitere Modelle<\/li>\r\n<\/ul>\r\n<p>&nbsp;<\/p>\r\n<p>&nbsp;<\/p>\r\n\r\n<div class=\"wp-block-group\"><div class=\"wp-block-group__inner-container is-layout-constrained wp-block-group-is-layout-constrained\">\r\n<figure class=\"wp-block-gallery has-nested-images columns-2 is-cropped wp-block-gallery-1 is-layout-flex wp-block-gallery-is-layout-flex\">\r\n<figure class=\"wp-block-image size-large\"><img loading=\"lazy\" decoding=\"async\" width=\"302\" height=\"600\" data-id=\"437\" class=\"wp-image-437\" src=\"https:\/\/glaserei-jakobi.de\/wp-content\/uploads\/2020\/11\/Wave-2.jpg\" alt=\"\" srcset=\"https:\/\/glaserei-jakobi.de\/wp-content\/uploads\/2020\/11\/Wave-2.jpg 302w, https:\/\/glaserei-jakobi.de\/wp-content\/uploads\/2020\/11\/Wave-2-151x300.jpg 151w\" sizes=\"auto, (max-width: 302px) 85vw, 302px\" \/>\r\n<figcaption class=\"wp-element-caption\">Modell Wave Fl\u00e4che klar, Motiv matt<\/figcaption>\r\n<\/figure>\r\n\r\n\r\n\r\n<figure class=\"wp-block-image size-large\"><img loading=\"lazy\" decoding=\"async\" width=\"434\" height=\"1024\" data-id=\"440\" class=\"wp-image-440\" src=\"https:\/\/glaserei-jakobi.de\/wp-content\/uploads\/2020\/11\/Alinea-434x1024.jpg\" alt=\"\" srcset=\"https:\/\/glaserei-jakobi.de\/wp-content\/uploads\/2020\/11\/Alinea-434x1024.jpg 434w, https:\/\/glaserei-jakobi.de\/wp-content\/uploads\/2020\/11\/Alinea-127x300.jpg 127w, https:\/\/glaserei-jakobi.de\/wp-content\/uploads\/2020\/11\/Alinea-768x1812.jpg 768w, https:\/\/glaserei-jakobi.de\/wp-content\/uploads\/2020\/11\/Alinea-651x1536.jpg 651w, https:\/\/glaserei-jakobi.de\/wp-content\/uploads\/2020\/11\/Alinea.jpg 774w\" sizes=\"auto, (max-width: 434px) 85vw, 434px\" \/>\r\n<figcaption class=\"wp-element-caption\">Modell Alinea Fl\u00e4che matt, Motiv klar<\/figcaption>\r\n<\/figure>\r\n\r\n\r\n\r\n<figure class=\"wp-block-image size-large\"><img loading=\"lazy\" decoding=\"async\" width=\"527\" height=\"1024\" data-id=\"549\" class=\"wp-image-549\" src=\"https:\/\/glaserei-jakobi.de\/wp-content\/uploads\/2021\/05\/CCI_000029-527x1024.jpg\" alt=\"\" srcset=\"https:\/\/glaserei-jakobi.de\/wp-content\/uploads\/2021\/05\/CCI_000029-527x1024.jpg 527w, https:\/\/glaserei-jakobi.de\/wp-content\/uploads\/2021\/05\/CCI_000029-154x300.jpg 154w, https:\/\/glaserei-jakobi.de\/wp-content\/uploads\/2021\/05\/CCI_000029-768x1494.jpg 768w, https:\/\/glaserei-jakobi.de\/wp-content\/uploads\/2021\/05\/CCI_000029-790x1536.jpg 790w, https:\/\/glaserei-jakobi.de\/wp-content\/uploads\/2021\/05\/CCI_000029-1053x2048.jpg 1053w, https:\/\/glaserei-jakobi.de\/wp-content\/uploads\/2021\/05\/CCI_000029-1200x2334.jpg 1200w, https:\/\/glaserei-jakobi.de\/wp-content\/uploads\/2021\/05\/CCI_000029-rotated.jpg 1305w\" sizes=\"auto, (max-width: 527px) 85vw, 527px\" \/>\r\n<figcaption class=\"wp-element-caption\">Corteo matt Classic White<\/figcaption>\r\n<\/figure>\r\n\r\n\r\n\r\n<figure class=\"wp-block-image size-large\"><img loading=\"lazy\" decoding=\"async\" width=\"877\" height=\"1024\" data-id=\"550\" class=\"wp-image-550\" src=\"https:\/\/glaserei-jakobi.de\/wp-content\/uploads\/2021\/05\/CCI_000031-877x1024.jpg\" alt=\"\" srcset=\"https:\/\/glaserei-jakobi.de\/wp-content\/uploads\/2021\/05\/CCI_000031-877x1024.jpg 877w, https:\/\/glaserei-jakobi.de\/wp-content\/uploads\/2021\/05\/CCI_000031-257x300.jpg 257w, https:\/\/glaserei-jakobi.de\/wp-content\/uploads\/2021\/05\/CCI_000031-768x897.jpg 768w, https:\/\/glaserei-jakobi.de\/wp-content\/uploads\/2021\/05\/CCI_000031-1315x1536.jpg 1315w, https:\/\/glaserei-jakobi.de\/wp-content\/uploads\/2021\/05\/CCI_000031-1753x2048.jpg 1753w, https:\/\/glaserei-jakobi.de\/wp-content\/uploads\/2021\/05\/CCI_000031-1200x1402.jpg 1200w\" sizes=\"auto, (max-width: 709px) 85vw, (max-width: 909px) 67vw, (max-width: 1362px) 62vw, 840px\" \/>\r\n<figcaption class=\"wp-element-caption\">Mika Classic White<\/figcaption>\r\n<\/figure>\r\n\r\n\r\n\r\n<figure class=\"wp-block-image size-large\"><img loading=\"lazy\" decoding=\"async\" width=\"830\" height=\"1024\" data-id=\"547\" class=\"wp-image-547\" src=\"https:\/\/glaserei-jakobi.de\/wp-content\/uploads\/2021\/05\/CCI_000025-830x1024.jpg\" alt=\"\" srcset=\"https:\/\/glaserei-jakobi.de\/wp-content\/uploads\/2021\/05\/CCI_000025-830x1024.jpg 830w, https:\/\/glaserei-jakobi.de\/wp-content\/uploads\/2021\/05\/CCI_000025-243x300.jpg 243w, https:\/\/glaserei-jakobi.de\/wp-content\/uploads\/2021\/05\/CCI_000025-768x948.jpg 768w, https:\/\/glaserei-jakobi.de\/wp-content\/uploads\/2021\/05\/CCI_000025-1244x1536.jpg 1244w, https:\/\/glaserei-jakobi.de\/wp-content\/uploads\/2021\/05\/CCI_000025-1659x2048.jpg 1659w, https:\/\/glaserei-jakobi.de\/wp-content\/uploads\/2021\/05\/CCI_000025-1200x1481.jpg 1200w\" sizes=\"auto, (max-width: 830px) 85vw, 830px\" \/>\r\n<figcaption class=\"wp-element-caption\">Schiebescheibenanlage Modell Wave Fl\u00e4che matt, Motiv klar<\/figcaption>\r\n<\/figure>\r\n\r\n\r\n\r\n<figure class=\"wp-block-image size-large\"><img loading=\"lazy\" decoding=\"async\" width=\"194\" height=\"259\" data-id=\"449\" class=\"wp-image-449\" src=\"https:\/\/glaserei-jakobi.de\/wp-content\/uploads\/2020\/11\/Alana.jpg\" alt=\"\">\r\n<figcaption class=\"wp-element-caption\">Modell Alana, Fl\u00e4che matt, Motiv klar<\/figcaption>\r\n<\/figure>\r\n\r\n\r\n\r\n<figure class=\"wp-block-image size-large\"><img loading=\"lazy\" decoding=\"async\" width=\"308\" height=\"240\" data-id=\"453\" class=\"wp-image-453\" src=\"https:\/\/glaserei-jakobi.de\/wp-content\/uploads\/2020\/11\/5c354dd77177d95c755651bf6a999f0c.jpg\" alt=\"\" srcset=\"https:\/\/glaserei-jakobi.de\/wp-content\/uploads\/2020\/11\/5c354dd77177d95c755651bf6a999f0c.jpg 308w, https:\/\/glaserei-jakobi.de\/wp-content\/uploads\/2020\/11\/5c354dd77177d95c755651bf6a999f0c-300x234.jpg 300w\" sizes=\"auto, (max-width: 308px) 85vw, 308px\" \/>\r\n<figcaption class=\"wp-element-caption\">Lava grey<\/figcaption>\r\n<\/figure>\r\n\r\n\r\n\r\n<figure class=\"wp-block-image size-large\"><img loading=\"lazy\" decoding=\"async\" width=\"800\" height=\"600\" data-id=\"181\" class=\"wp-image-181\" src=\"https:\/\/glaserei-jakobi.de\/wp-content\/uploads\/2019\/04\/mwe_besprech_totale7.jpg\" alt=\"\" srcset=\"https:\/\/glaserei-jakobi.de\/wp-content\/uploads\/2019\/04\/mwe_besprech_totale7.jpg 800w, https:\/\/glaserei-jakobi.de\/wp-content\/uploads\/2019\/04\/mwe_besprech_totale7-300x225.jpg 300w, https:\/\/glaserei-jakobi.de\/wp-content\/uploads\/2019\/04\/mwe_besprech_totale7-768x576.jpg 768w\" sizes=\"auto, (max-width: 800px) 85vw, 800px\" \/>\r\n<figcaption class=\"wp-element-caption\">Ganzglasanlage<\/figcaption>\r\n<\/figure>\r\n\r\n\r\n\r\n<figure class=\"wp-block-image size-large\"><img loading=\"lazy\" decoding=\"async\" width=\"798\" height=\"600\" data-id=\"180\" class=\"wp-image-180\" src=\"https:\/\/glaserei-jakobi.de\/wp-content\/uploads\/2019\/04\/mwe_ayhan_rechts2.jpg\" alt=\"\" srcset=\"https:\/\/glaserei-jakobi.de\/wp-content\/uploads\/2019\/04\/mwe_ayhan_rechts2.jpg 798w, https:\/\/glaserei-jakobi.de\/wp-content\/uploads\/2019\/04\/mwe_ayhan_rechts2-300x226.jpg 300w, https:\/\/glaserei-jakobi.de\/wp-content\/uploads\/2019\/04\/mwe_ayhan_rechts2-768x577.jpg 768w\" sizes=\"auto, (max-width: 798px) 85vw, 798px\" \/><\/figure>\r\n\r\n\r\n\r\n<figure class=\"wp-block-image size-large is-style-default\"><img loading=\"lazy\" decoding=\"async\" width=\"308\" height=\"240\" data-id=\"456\" class=\"wp-image-456\" src=\"https:\/\/glaserei-jakobi.de\/wp-content\/uploads\/2020\/11\/597428c5bd752e5b8e01f1ad8fac41cb.png\" alt=\"\" srcset=\"https:\/\/glaserei-jakobi.de\/wp-content\/uploads\/2020\/11\/597428c5bd752e5b8e01f1ad8fac41cb.png 308w, https:\/\/glaserei-jakobi.de\/wp-content\/uploads\/2020\/11\/597428c5bd752e5b8e01f1ad8fac41cb-300x234.png 300w\" sizes=\"auto, (max-width: 308px) 85vw, 308px\" \/>\r\n<figcaption class=\"wp-element-caption\">Lines<\/figcaption>\r\n<\/figure>\r\n\r\n\r\n\r\n<figure class=\"wp-block-image size-large\"><img loading=\"lazy\" decoding=\"async\" width=\"1024\" height=\"873\" data-id=\"552\" class=\"wp-image-552\" src=\"https:\/\/glaserei-jakobi.de\/wp-content\/uploads\/2021\/05\/058-2-1024x873.jpg\" alt=\"\" srcset=\"https:\/\/glaserei-jakobi.de\/wp-content\/uploads\/2021\/05\/058-2-1024x873.jpg 1024w, https:\/\/glaserei-jakobi.de\/wp-content\/uploads\/2021\/05\/058-2-300x256.jpg 300w, https:\/\/glaserei-jakobi.de\/wp-content\/uploads\/2021\/05\/058-2-768x654.jpg 768w, https:\/\/glaserei-jakobi.de\/wp-content\/uploads\/2021\/05\/058-2-1536x1309.jpg 1536w, https:\/\/glaserei-jakobi.de\/wp-content\/uploads\/2021\/05\/058-2-2048x1745.jpg 2048w, https:\/\/glaserei-jakobi.de\/wp-content\/uploads\/2021\/05\/058-2-1200x1023.jpg 1200w\" sizes=\"auto, (max-width: 709px) 85vw, (max-width: 909px) 67vw, (max-width: 1362px) 62vw, 840px\" \/>\r\n<figcaption class=\"wp-element-caption\">Raumteiler mit Durchgang<\/figcaption>\r\n<\/figure>\r\n\r\n\r\n\r\n<figure class=\"wp-block-image size-large\"><img loading=\"lazy\" decoding=\"async\" width=\"1024\" height=\"917\" data-id=\"548\" class=\"wp-image-548\" src=\"https:\/\/glaserei-jakobi.de\/wp-content\/uploads\/2021\/05\/CCI_000026-1024x917.jpg\" alt=\"\" srcset=\"https:\/\/glaserei-jakobi.de\/wp-content\/uploads\/2021\/05\/CCI_000026-1024x917.jpg 1024w, https:\/\/glaserei-jakobi.de\/wp-content\/uploads\/2021\/05\/CCI_000026-300x269.jpg 300w, https:\/\/glaserei-jakobi.de\/wp-content\/uploads\/2021\/05\/CCI_000026-768x688.jpg 768w, https:\/\/glaserei-jakobi.de\/wp-content\/uploads\/2021\/05\/CCI_000026-1536x1375.jpg 1536w, https:\/\/glaserei-jakobi.de\/wp-content\/uploads\/2021\/05\/CCI_000026-2048x1834.jpg 2048w, https:\/\/glaserei-jakobi.de\/wp-content\/uploads\/2021\/05\/CCI_000026-1200x1074.jpg 1200w\" sizes=\"auto, (max-width: 709px) 85vw, (max-width: 909px) 67vw, (max-width: 1362px) 62vw, 840px\" \/>\r\n<figcaption class=\"wp-element-caption\">Atos und Atos Lava Grey, Streifen klar\/Fl\u00e4che matt<\/figcaption>\r\n<\/figure>\r\n\r\n\r\n\r\n<figure class=\"wp-block-image size-large\"><img loading=\"lazy\" decoding=\"async\" width=\"562\" height=\"294\" data-id=\"445\" class=\"wp-image-445\" src=\"https:\/\/glaserei-jakobi.de\/wp-content\/uploads\/2020\/11\/Gemini-3-1.jpg\" alt=\"\" srcset=\"https:\/\/glaserei-jakobi.de\/wp-content\/uploads\/2020\/11\/Gemini-3-1.jpg 562w, https:\/\/glaserei-jakobi.de\/wp-content\/uploads\/2020\/11\/Gemini-3-1-300x157.jpg 300w\" sizes=\"auto, (max-width: 562px) 85vw, 562px\" \/>\r\n<figcaption class=\"wp-element-caption\">Modell Gemini, rechts Fl\u00e4che klar Motiv matt , links Fl\u00e4che matt, Motiv klar<\/figcaption>\r\n<\/figure>\r\n\r\n\r\n\r\n<figure class=\"wp-block-image size-large\"><img loading=\"lazy\" decoding=\"async\" width=\"635\" height=\"395\" data-id=\"457\" class=\"wp-image-457\" src=\"https:\/\/glaserei-jakobi.de\/wp-content\/uploads\/2020\/11\/24d0807ef7100ea35e1fde38efb0e620-1.jpg\" alt=\"\" srcset=\"https:\/\/glaserei-jakobi.de\/wp-content\/uploads\/2020\/11\/24d0807ef7100ea35e1fde38efb0e620-1.jpg 635w, https:\/\/glaserei-jakobi.de\/wp-content\/uploads\/2020\/11\/24d0807ef7100ea35e1fde38efb0e620-1-300x187.jpg 300w\" sizes=\"auto, (max-width: 635px) 85vw, 635px\" \/>\r\n<figcaption class=\"wp-element-caption\">Ambiente Typ I<\/figcaption>\r\n<\/figure>\r\n\r\n\r\n\r\n<figure class=\"wp-block-image size-large\"><img loading=\"lazy\" decoding=\"async\" width=\"477\" height=\"1024\" data-id=\"616\" class=\"wp-image-616\" src=\"https:\/\/glaserei-jakobi.de\/wp-content\/uploads\/2022\/12\/CCI_000033-1-477x1024.jpg\" alt=\"\" srcset=\"https:\/\/glaserei-jakobi.de\/wp-content\/uploads\/2022\/12\/CCI_000033-1-477x1024.jpg 477w, https:\/\/glaserei-jakobi.de\/wp-content\/uploads\/2022\/12\/CCI_000033-1-140x300.jpg 140w, https:\/\/glaserei-jakobi.de\/wp-content\/uploads\/2022\/12\/CCI_000033-1-716x1536.jpg 716w, https:\/\/glaserei-jakobi.de\/wp-content\/uploads\/2022\/12\/CCI_000033-1-rotated.jpg 723w\" sizes=\"auto, (max-width: 477px) 85vw, 477px\" \/>\r\n<figcaption class=\"wp-element-caption\">Lines &#8211; schwarze Streifen, Glas klar<\/figcaption>\r\n<\/figure>\r\n\r\n\r\n\r\n<figure class=\"wp-block-image size-large is-style-default\"><img loading=\"lazy\" decoding=\"async\" width=\"497\" height=\"1024\" data-id=\"617\" class=\"wp-image-617\" src=\"https:\/\/glaserei-jakobi.de\/wp-content\/uploads\/2022\/12\/CCI_000035-1-497x1024.jpg\" alt=\"\" srcset=\"https:\/\/glaserei-jakobi.de\/wp-content\/uploads\/2022\/12\/CCI_000035-1-497x1024.jpg 497w, https:\/\/glaserei-jakobi.de\/wp-content\/uploads\/2022\/12\/CCI_000035-1-146x300.jpg 146w, https:\/\/glaserei-jakobi.de\/wp-content\/uploads\/2022\/12\/CCI_000035-1-768x1582.jpg 768w, https:\/\/glaserei-jakobi.de\/wp-content\/uploads\/2022\/12\/CCI_000035-1-746x1536.jpg 746w, https:\/\/glaserei-jakobi.de\/wp-content\/uploads\/2022\/12\/CCI_000035-1-994x2048.jpg 994w, https:\/\/glaserei-jakobi.de\/wp-content\/uploads\/2022\/12\/CCI_000035-1-rotated.jpg 1146w\" sizes=\"auto, (max-width: 497px) 85vw, 497px\" \/>\r\n<figcaption class=\"wp-element-caption\">Lines &#8211; Streifen schwarz, Glas matt<\/figcaption>\r\n<\/figure>\r\n\r\n\r\n\r\n<figure class=\"wp-block-image size-large is-style-default\"><img loading=\"lazy\" decoding=\"async\" width=\"513\" height=\"1024\" data-id=\"618\" class=\"wp-image-618\" src=\"https:\/\/glaserei-jakobi.de\/wp-content\/uploads\/2022\/12\/CCI_000034-1-513x1024.jpg\" alt=\"\" srcset=\"https:\/\/glaserei-jakobi.de\/wp-content\/uploads\/2022\/12\/CCI_000034-1-513x1024.jpg 513w, https:\/\/glaserei-jakobi.de\/wp-content\/uploads\/2022\/12\/CCI_000034-1-150x300.jpg 150w, https:\/\/glaserei-jakobi.de\/wp-content\/uploads\/2022\/12\/CCI_000034-1-768x1533.jpg 768w, https:\/\/glaserei-jakobi.de\/wp-content\/uploads\/2022\/12\/CCI_000034-1-769x1536.jpg 769w, https:\/\/glaserei-jakobi.de\/wp-content\/uploads\/2022\/12\/CCI_000034-1-rotated.jpg 786w\" sizes=\"auto, (max-width: 513px) 85vw, 513px\" \/>\r\n<figcaption class=\"wp-element-caption\">Lines &#8211; Streifen Schwarz, Glas klar<\/figcaption>\r\n<\/figure>\r\n<\/figure>\r\n<\/div><\/div>\r\n\r\n\r\n\r\n<div class=\"wp-block-group\"><div class=\"wp-block-group__inner-container is-layout-constrained wp-block-group-is-layout-constrained\">\r\n<figure class=\"wp-block-gallery has-nested-images columns-default is-cropped wp-block-gallery-2 is-layout-flex wp-block-gallery-is-layout-flex\">\r\n<figure class=\"wp-block-image size-large\"><img loading=\"lazy\" decoding=\"async\" width=\"483\" height=\"1024\" data-id=\"621\" class=\"wp-image-621\" src=\"https:\/\/glaserei-jakobi.de\/wp-content\/uploads\/2022\/12\/20221215_135204-2-483x1024.jpg\" alt=\"\" srcset=\"https:\/\/glaserei-jakobi.de\/wp-content\/uploads\/2022\/12\/20221215_135204-2-483x1024.jpg 483w, https:\/\/glaserei-jakobi.de\/wp-content\/uploads\/2022\/12\/20221215_135204-2-141x300.jpg 141w, https:\/\/glaserei-jakobi.de\/wp-content\/uploads\/2022\/12\/20221215_135204-2-768x1629.jpg 768w, https:\/\/glaserei-jakobi.de\/wp-content\/uploads\/2022\/12\/20221215_135204-2-724x1536.jpg 724w, https:\/\/glaserei-jakobi.de\/wp-content\/uploads\/2022\/12\/20221215_135204-2-965x2048.jpg 965w, https:\/\/glaserei-jakobi.de\/wp-content\/uploads\/2022\/12\/20221215_135204-2-1200x2546.jpg 1200w, https:\/\/glaserei-jakobi.de\/wp-content\/uploads\/2022\/12\/20221215_135204-2-scaled.jpg 1207w\" sizes=\"auto, (max-width: 483px) 85vw, 483px\" \/><\/figure>\r\n\r\n<figcaption class=\"blocks-gallery-caption wp-element-caption\">Glas Satinato matt, Streifen klar, Quadrate rot<\/figcaption>\r\n<\/figure>\r\n<\/div><\/div>\r\n\r\n<p>Beschl\u00e4ge<\/p>\r\n\r\n<figure class=\"wp-block-image size-large\"><img loading=\"lazy\" decoding=\"async\" width=\"1024\" height=\"309\" class=\"wp-image-555\" src=\"https:\/\/glaserei-jakobi.de\/wp-content\/uploads\/2021\/05\/CCI_000027-1024x309.jpg\" alt=\"\" srcset=\"https:\/\/glaserei-jakobi.de\/wp-content\/uploads\/2021\/05\/CCI_000027-1024x309.jpg 1024w, https:\/\/glaserei-jakobi.de\/wp-content\/uploads\/2021\/05\/CCI_000027-300x90.jpg 300w, https:\/\/glaserei-jakobi.de\/wp-content\/uploads\/2021\/05\/CCI_000027-768x232.jpg 768w, https:\/\/glaserei-jakobi.de\/wp-content\/uploads\/2021\/05\/CCI_000027-1536x463.jpg 1536w, https:\/\/glaserei-jakobi.de\/wp-content\/uploads\/2021\/05\/CCI_000027-1200x362.jpg 1200w, https:\/\/glaserei-jakobi.de\/wp-content\/uploads\/2021\/05\/CCI_000027-rotated.jpg 1641w\" sizes=\"auto, (max-width: 709px) 85vw, (max-width: 909px) 67vw, (max-width: 1362px) 62vw, 840px\" \/><\/figure>\r\n\r\n\r\n\r\n<figure class=\"wp-block-image size-large\"><img loading=\"lazy\" decoding=\"async\" width=\"854\" height=\"1024\" class=\"wp-image-556\" src=\"https:\/\/glaserei-jakobi.de\/wp-content\/uploads\/2021\/05\/CCI_000028-854x1024.jpg\" alt=\"\" srcset=\"https:\/\/glaserei-jakobi.de\/wp-content\/uploads\/2021\/05\/CCI_000028-854x1024.jpg 854w, https:\/\/glaserei-jakobi.de\/wp-content\/uploads\/2021\/05\/CCI_000028-250x300.jpg 250w, https:\/\/glaserei-jakobi.de\/wp-content\/uploads\/2021\/05\/CCI_000028-768x921.jpg 768w, https:\/\/glaserei-jakobi.de\/wp-content\/uploads\/2021\/05\/CCI_000028-1281x1536.jpg 1281w, https:\/\/glaserei-jakobi.de\/wp-content\/uploads\/2021\/05\/CCI_000028-1709x2048.jpg 1709w, https:\/\/glaserei-jakobi.de\/wp-content\/uploads\/2021\/05\/CCI_000028-1200x1438.jpg 1200w\" sizes=\"auto, (max-width: 709px) 85vw, (max-width: 909px) 67vw, (max-width: 1362px) 62vw, 840px\" \/><\/figure>\r\n","protected":false},"excerpt":{"rendered":"<p>F\u00fcr den anspruchsvollen Eingangsbereich im industriellen als auch privaten Sektor liefern und montieren wir fachgerecht Ganzglasanlagen aus hochwertigem Einscheibensicherheitsglas (einfl\u00fcgelige oder zweifl\u00fcgelige Anschlag- oder Pendelt\u00fcren, Segmentbogen- oder Rundbogent\u00fcren, jeweils auch mit Oberlicht und Seitenteilen) in vielen Designs, in Standard- und Sonderma\u00dfen individuell f\u00fcr sie gefertigt. Ein umfangreiches Beschlagprogramm erm\u00f6glicht differenzierte und mannigfaltige Funktionen und variable &hellip; <a href=\"https:\/\/glaserei-jakobi.de\/?page_id=172\" class=\"more-link\"><span class=\"screen-reader-text\">\u201eGanzglast\u00fcren -anlagen, Glasschiebet\u00fcren\u201c <\/span>weiterlesen<\/a><\/p>\n","protected":false},"author":1,"featured_media":0,"parent":0,"menu_order":0,"comment_status":"closed","ping_status":"closed","template":"","meta":{"_crdt_document":"","ngg_post_thumbnail":0,"footnotes":""},"class_list":["post-172","page","type-page","status-publish","hentry"],"_links":{"self":[{"href":"https:\/\/glaserei-jakobi.de\/index.php?rest_route=\/wp\/v2\/pages\/172","targetHints":{"allow":["GET"]}}],"collection":[{"href":"https:\/\/glaserei-jakobi.de\/index.php?rest_route=\/wp\/v2\/pages"}],"about":[{"href":"https:\/\/glaserei-jakobi.de\/index.php?rest_route=\/wp\/v2\/types\/page"}],"author":[{"embeddable":true,"href":"https:\/\/glaserei-jakobi.de\/index.php?rest_route=\/wp\/v2\/users\/1"}],"replies":[{"embeddable":true,"href":"https:\/\/glaserei-jakobi.de\/index.php?rest_route=%2Fwp%2Fv2%2Fcomments&post=172"}],"version-history":[{"count":19,"href":"https:\/\/glaserei-jakobi.de\/index.php?rest_route=\/wp\/v2\/pages\/172\/revisions"}],"predecessor-version":[{"id":648,"href":"https:\/\/glaserei-jakobi.de\/index.php?rest_route=\/wp\/v2\/pages\/172\/revisions\/648"}],"wp:attachment":[{"href":"https:\/\/glaserei-jakobi.de\/index.php?rest_route=%2Fwp%2Fv2%2Fmedia&parent=172"}],"curies":[{"name":"wp","href":"https:\/\/api.w.org\/{rel}","templated":true}]}}